rmine p(-5).
-22
Suppose -4*q - 10 = 2. Let t(v) = -5*v - 5. Let i(n) = -4*n - 4. Let r(g) = -7*i(g) + 6*t(g). Calculate r(q).
4
Suppose -4*i - 31 = -5*x, 0*i = 5*i - x + 44. Let m(z) = -z**3 - 10*z**2 - 4*z + 9. What is m(i)?
-36
Let p(z) = -6*z + 7. Let x be (20/12)/(-5) - (-345)/9. Let o = x + -32. What is p(o)?
-29
Suppose -5*d + 9*d = 2*c - 32, 0 = -4*c - 4*d + 4. Let p(w) = 7*w + 10. Calculate p(c).
52
Let r(f) = -2*f**2 + 12*f + 4. Let v be r(6). Suppose -g = v*h - 11, g - 3*g = h - 8. Let s(p) = p**3 - 2*p**2 + 2. Determine s(g).
11
Let b(t) be the third derivative of -t**4/24 + 17*t**3/6 + 10*t**2 + 4. Give b(8).
9
Let d(b) = b**2 + 4*b - 1. Let h be d(-4). Let m = -21 - -24. Let n(u) = -4 + 0 - 3*u**3 + m - 2*u**3 - 2*u. Determine n(h).
6
Suppose 2*s - 156 = -24*s. Let g(w) = 3*w + 7. Determine g(s).
25
Let p(t) be the first derivative of -1/6*t**3 + 1/12*t**4 - 7 - 11/2*t**2 + 15*t. Let q(z) be the first derivative of p(z). Calculate q(0).
-11
Let y(m) = -m + 1. Let g(s) = 3*s - 8. Let w(u) = -g(u) - 6*y(u). Suppose 0 = -2*l - 2*z - 10, 51*l = 53*l - 2*z + 2. Determine w(l).
-7
Let r(x) = x + 1. Let n(w) = -9*w**2 - 5*w - 2. Let z = -107 + 108. Let a(s) = z*n(s) + 3*r(s). Give a(1).
-10
Let q(z) = -11*z + 5. Let i(h) be the third derivative of -h**3/6 - h**2. Let d(c) = -6*i(c) - q(c). What is d(2)?
23
Suppose 10*i = 5*i - 25, -4*i + 60 = 5*w. Let f = w - 7. Let n(b) = -b**2 + 11*b - 10. Determine n(f).
8
Let z(l) be the first derivative of 1 - 1/2*l**2 - 2*l. Let o be 12/14*(-14)/2. Calculate z(o).
4
Let a(y) be the third derivative of 0*y + 17*y**2 + 0 + 1/12*y**4 + 5/6*y**3. Let l(d) = -d**2 - 6*d + 3. Let j be l(-7). What is a(j)?
-3
Suppose 14 = -3*m + v, -4*v + 2*v = m. Let l(u) = -u**2 - 5*u - 2. Calculate l(m).
2
Let x(h) = 5*h**2 + 4*h - 1. Let s(r) = 4*r**2 + 3*r - 1. Let p(m) = 4*s(m) - 3*x(m). Suppose q - 35*q - 102 = 0. What is p(q)?
8
Let k(b) = 3*b - 2 - 9*b**2 - 15 + 16 + 6*b**2. Give k(2).
-7
Let j(s) = 3*s - 2*s - 5*s + 1 - 6*s**2 + 4*s**2. Suppose 0 = -0*t + t - 5. Suppose 5*h = -3*w - 9 - 0, 0 = t*h. What is j(w)?
-5
Let r be 0 + (-1 - (-12)/2). Suppose 2*i = r + 7. Suppose p = -4*d - 15, -3*p = -p + i. Let u(x) = -x**3 - 4*x**2 - 3*x. Calculate u(d).
0
Let g be (12/(-16))/((-2)/(-8)). Let d(k) = 26*k. Give d(g).
-78
Suppose z + 3*f + 2*f = -9, -5*z - 75 = -5*f. Let t be (-3 - -1)*18/4. Let h = t - z. Let u(v) = -v + 1. Determine u(h).
-4
Let c(t) be the third derivative of 3*t**2 + 0 + 1/60*t**5 + 0*t - 7/6*t**3 - 5/24*t**4. What is c(7)?
7
Let j(v) be the third derivative of 1/6*v**3 + 4*v**2 + 0*v + 0 + 1/6*v**4 - 1/30*v**5. What is j(3)?
-5
Let u(z) = -z**2 + 7*z - 6. Let j = 31 - 48. Let y(a) be the first derivative of -a**4/4 - 16*a**3/3 + 17*a**2/2 + 4*a - 13. Let x be y(j). Calculate u(x).
6
Let g = 5 + -5. Let s be (2 + -3)/(6/(-24)). Let f(a) = -a**3 + s*a**3 + 10 + a - 6 - 4*a**3. Determine f(g).
4
Let o(h) = 3*h**3 - 36*h**2 - 14*h - 25. Let f(p) = -4*p**3 + 54*p**2 + 20*p + 37. Let m(a) = 5*f(a) + 7*o(a). Determine m(-18).
-26
Suppose -5*a = 15, -12 = -2*n + a + a. Suppose n*r - 4*r - 5 = 0. Let h(c) = -11*c + 17. Let t(b) = 2*b - 3. Let g(q) = 6*h(q) + 34*t(q). Determine g(r).
-10
Let w = 1 + 5. Let b = 2 + -8. Let g = b + w. Let q(i) = i + 1. What is q(g)?
1
Let o = -6 + 3. Let i be (18/o)/(-3 + 1). Let h(b) = -6*b**2 - 2*b + 3*b + 0*b**2 + 5 + b**i. Give h(6).
11
Let n(r) = 7*r. Let l(j) = 13*j - 1. Let g(i) = -3*l(i) + 5*n(i). Let o be (225/(-125))/((-2)/10) - 3. Calculate g(o).
-21
Suppose 2*g = 5*k + 10 + 7, -g - 9 = k. Let a(l) = 4. Let r(f) = 2*f + 21. Let v(o) = -5*a(o) + r(o). Determine v(g).
-7
Let n(s) = -5*s + 1 - 20 + 3 - 5. Calculate n(-4).
-1
Let n(s) = 5191*s - 5*s**2 - 5191*s - 1. What is n(2)?
-21
Let n(c) be the third derivative of -1/24*c**4 + 3*c**2 + 5/6*c**3 + 0*c + 0. Let i(w) = -w**3 + 20*w**2 + 19*w + 48. Let t be i(21). What is n(t)?
-1
Let l(c) = c**2 - 2*c - 9. Let i = 893 - 888. Give l(i).
6
Let s(n) = -n**3 + 19*n**2 + 7*n + 10. Let z(b) = -b**3 + 18*b**2 + 8*b + 9. Let w(a) = -6*s(a) + 7*z(a). What is w(13)?
16
Suppose 0 = -5*g - 4*x - 2, 7*g - 3*g - 20 = 4*x. Let w(o) = -5*o**g - o + 90 - 3*o - 94 - o**3. What is w(-4)?
-4
Let t be ((-90)/(-18))/((-1)/2). Let r be (-5)/t*2*(-1 - 0). Let u(x) be the first derivative of -x**2/2 - x - 1. Give u(r).
0
Let y(w) be the second derivative of -8*w + 0 + 3*w**2 + 1/6*w**3. Determine y(-5).
1
Let q = -15 + 36. Let l(v) = -q + 21 + 5*v - 6*v. Determine l(6).
-6
Let t be (2/(-6))/((-3)/(-27)). Let q(a) = a**3 + 2*a**2 - a + 3. Determine q(t).
-3
Let j be 1 + (32 + 0)/4. Let h(d) be the first derivative of 3*d**2/2 - 11. Let z(q) = -13*q + 1. Let v(l) = j*h(l) + 2*z(l). Give v(-2).
0
Suppose -5*r + 222 = -48. Suppose 52*a - r*a = 14. Let f(i) = -2*i + 2. What is f(a)?
16
Let o(r) = -9*r**2 - 3. Let t(v) = -36*v**2 - 13. Let q(w) = -9*o(w) + 2*t(w). Determine q(-1).
10
Suppose -776*g + 20 = -771*g. Let m(d) = 17 + 2*d + g*d + d**2 + 2 - 27. Let p(z) = -z**3 + z**2 - z - 6. Let c be p(0). What is m(c)?
-8
Let k(c) = c**3 - 7*c**2 - c + 5. Suppose 2*x + 13 = -d, -3*d = x - 4*x + 30. Let r = -4 - d. What is k(r)?
-2
Let o(c) = 2*c**2 + c**2 + 4 - 4*c**2 + 6*c. Let q be ((-2 + -1)*2)/2 + 6. Suppose 5*i - 10 = 5*u, q*u + 22 = 5*i + 2*u. Determine o(i).
9
Let j(q) = -17*q**2 + 3*q + 1. Let x(b) = 33*b**2 - 7*b - 3. Let d(g) = -5*j(g) - 2*x(g). Give d(1).
19
Let l = 373 - 368. Let v(u) = u**2 + 6*u - 5. Determine v(l).
50
Let n(l) = -2*l + 12. Suppose 8*w + w = -4*w. Determine n(w).
12
Let f(g) = 11*g + 20. Let n be f(-6). Let p = 40 + n. Let l(q) = q**2 + 4*q + 9. Determine l(p).
21
Suppose -10 = -8*b + 3*b. Let n(l) = -3*l - l + 7*l - b. Calculate n(2).
4
Let f(r) = r**3 + 6*r**2 + 4*r. Let c be f(-4). Suppose -3*q + c = -8. Suppose y - q = -3*y. Let a(j) = -2*j**2 + j + 1. Determine a(y).
-5
Let g be 9*12/(-36)*(0 + 1). Let t(z) = -z**2. Let y(k) = -7*k**2 - 4*k - 3. Let q(f) = 6*t(f) - y(f). Determine q(g).
0
Let s(d) = 3*d. Let a be s(2). Let i(m) = 7 - 2*m + m**2 + 0*m**2 - a*m. Let r be ((-19)/4)/((-36)/48) - (-70)/42. What is i(r)?
7
Let p be (-24)/10 - -3 - 4/(-10). Let k(u) = 9*u + 7. Let i(y) = -5*y - 3. Let l(c) = -9*i(c) - 4*k(c). What is l(p)?
8
Let z(d) be the first derivative of -d**4 - d**3/3 + d**2/2 + d + 83. What is z(-2)?
27
Let k(g) be the second derivative of -g**5/20 - 5*g**4/12 - g**3/2 + 3*g**2/2 + 7*g - 1. Calculate k(-4).
-1
Let n(k) = k**2 - 12*k - 22. Let p(s) = 40*s - 145. Let l be p(4). Give n(l).
23
Let z(r) = 3*r**2 + 6*r - 4. Let f(h) = -7*h**2 - 15*h + 10. Let b(d) = -4*f(d) - 9*z(d). Let j = 4 + -9. What is b(j)?
-9
Suppose -9 = -k + l, -5 = 4*l + 11. Suppose o = -2*n + 3, -k*n + 10 = -5*o - 5. Let h(y) = -y**2 - 2*y + 2. Calculate h(n).
-6
Let s(f) = 220*f + 5061. Let l be s(-23). Let w(m) be the third derivative of 0*m + 0*m**3 - 1/24*m**4 + 1/15*m**5 - m**2 + 0. What is w(l)?
3
Let g(n) be the second derivative of n**3/6 + 5*n**2/2 - 2*n - 33. What is g(0)?
5
Let l(y) = 3*y**2 + y. Let b(i) = 6 + 3 + 4 - 3 + 3*i. Let d be b(-3). Determine l(d).
4
Let x(p) = p**2 + 7*p. Let g(z) = z**3 + 12*z**2 - 12 - 13*z + 28 - 2*z**3. Let q be g(11). Determine x(q).
-6
Let r(b) = 5*b - 1. Let f(l) = 29*l - 13. Let h(a) = f(a) - 6*r(a). Suppose 13 = -2*v + 1. Determine h(v).
-1
Let g(h) be the first derivative of -h**4/4 - 4*h**3/3 + 3*h**2 + 2*h - 82. What is g(-4)?
-22
Let r(a) = 8*a + 22. Let f(s) = 23*s + 62. Let t(g) = -6*f(g) + 17*r(g). Give t(-3).
8
Suppose 0 = 2*f + 6*f - 32. Suppose -12 = -f*d + 4. Let l(v) = -v**3 + 4*v**2 + 2*v - 4. Give l(d).
4
Suppose -j - 5*x = 5, 2*j + 4*x = 3 - 1. Suppose -3*i + 8*i = -j*y - 25, -5 = -5*i. Let k(o) = o + 3. Determine k(y).
-3
Suppose 72 = 9*d - 3*d. Let u(j) = j**2 - 10*j - 3. Determine u(d).
21
Let n(q) be the first derivative of q**2/2 - 10*q - 26. Let d(k) = 2*k**2 - 1. Let s be d(2). Let l = s + -1. Determine n(l).
-4
Let g(o) be the third derivative of -5/24*o**4 + 1/60*o**5 - 1/3*o**3 + 0*o + 0 - 4*o**2. Let q be 6 - ((-1)/3)/(9/(-54)). Determine g(q).
-6
Let h(n) = n**2 + n + 1. Let x be h(1). Let m(i) = -i**3 + 4*i**2 + i - 1. Determine m(x).
11
Suppose 0 = 2*n - 1 + 13. Let m(j) = j + 10. Let b be m(n). Let t(k) = -4*k**2 + 5*k - 4. Let i(o) = o**2 - 